divided by g(-8).
15
Suppose -56 = -m + 35. Suppose -1160*d + 82 = -1158*d + 4*z, -4*z = 4*d - 144. Calculate the remainder when m is divided by d.
29
Let v(n) = n + 70. Calculate the remainder when v(-8) is divided by 8.
6
Let x = 96 + -36. Suppose -t = 3*t - x. What is the remainder when 74 is divided by t?
14
Let b(j) = j**2 + 2*j. Let i be b(-3). Suppose -3*p = 5*l + 66, -3*l = -i*p + 2*l - 96. Let z = 0 - p. Calculate the remainder when 105 is divided by z.
24
Let c(i) = -18*i - 15. Suppose 5*o = 5, 5*d - o = -0*d + 209. Calculate the remainder when c(-17) is divided by d.
39
What is the remainder when 75 is divided by 43/3 - 8*19/456?
5
Suppose -210*m + 207*m - 369 = 0. Let c = 131 + m. Calculate the remainder when 20 is divided by c.
4
Suppose t - 3*t + 4 = 0. Let b = 13 + t. What is the remainder when b is divided by 8?
7
Suppose -60 = -13*p + 8*p. Calculate the remainder when 69 is divided by p.
9
Let g = -11 - -28. Let j(l) = -71*l + 362. What is the remainder when g is divided by j(5)?
3
Let l = 58 + -35. Suppose -1 = -3*h + 14. Suppose 0*w + 215 = h*w. Calculate the remainder when w is divided by l.
20
Let z = 731 + -426. Calculate the remainder when z is divided by 77.
74
Suppose 6*u = 7*u + 5. Let b be 909/27 + (-2)/3. Let i = b - u. What is the remainder when i is divided by 13?
12
Let j be 33/22 + (-322)/(-4). Suppose -3*g + 92 = -j. What is the remainder when g is divided by 12?
10
Let z = 141 - 142. Calculate the remainder when 86 is divided by z*(-27 + 4 + 0).
17
Suppose 0 = -3*n - 3*s + 39, -13*n - 4*s = -18*n + 65. What is the remainder when 297 is divided by n?
11
Let w = -7 - -10. Let z = 104 + -52. Suppose 10*f + z = 14*f. Calculate the remainder when f is divided by w.
1
Suppose 5*k + 5*m = -0*m + 150, -5*k + 150 = m. What is the remainder when k is divided by 13?
4
Let o(j) = 12*j + 304. Calculate the remainder when o(-24) is divided by -1 + (-3)/((-3)/7).
4
Let q(m) = -9 + 14*m**2 + 26 + 0*m - m**3 + m + 4*m**2. Calculate the remainder when q(18) is divided by 19.
16
Suppose 3*t - 3*x - 7 = -2*x, 0 = -4*t + 4*x + 4. Suppose w - t = -10. What is the remainder when 40/2*w/(-4) is divided by 12?
11
Let i = 1126 + -1120. Let s(r) = 3*r. Calculate the remainder when s(3) is divided by i.
3
Suppose -c + 2 + 2 = -o, -3*o - 4*c = -23. Let r = o - -39. Calculate the remainder when r is divided by 21.
19
Let d(v) = -6*v + 76. What is the remainder when d(-14) is divided by 31?
5
Let z be (-3)/((-3)/2) + -1. Let l = 374 + -355. What is the remainder when 57 - z - 0/(-2) is divided by l?
18
Suppose 8 = 4*r, 6*r + 6 = 4*d + 3*r. Suppose 6*o = -0*o. Suppose -d*g + 6 = -o*g. What is the remainder when 6 is divided by g?
0
Let t = -109 - -217. Suppose -4*a - w = 2*w + t, 0 = -3*w. What is the remainder when 52 is divided by (-52)/(-3) + (-18)/a?
16
Let m(u) = -8*u - 30. Calculate the remainder when 99 is divided by m(-7).
21
Suppose 623 = 23*j - 113. What is the remainder when 346 is divided by j?
26
Let j = 1 + 3. Suppose 0*f + j*f - 174 = 2*t, -f - 2 = 0. Let q = -14 - t. Calculate the remainder when q is divided by 26.
25
Let h be (-18)/10 - 5/25. Let j(m) = -2*m - 2. Let s be j(h). Suppose 12 = 2*v + s. What is the remainder when 7 is divided by v?
2
Let f(q) = -7*q - 48. What is the remainder when 56 is divided by f(-8)?
0
Suppose -5*t + 446 = -4*p, 16*t = 21*t - 2*p - 448. What is the remainder when t is divided by 59?
31
Suppose 875 = 317*p - 312*p. Calculate the remainder when p is divided by 11.
10
Suppose 0 = 6*n - 4*n. Suppose 5*o - 165 = -5*i, n*o - o + 13 = -4*i. Suppose 80 = 43*t - 33*t. Calculate the remainder when o is divided by t.
5
Let d = -636 + 658. Calculate the remainder when 79 is divided by d.
13
Suppose 1 - 7 = 2*u. Let h be (102/(-6 - u))/(-2). Let a = -10 + h. What is the remainder when 27 is divided by a?
6
Let x = 788 + -760. What is the remainder when 472 is divided by x?
24
Let u(b) = b**2 - 4*b - 7. Let h be -3 - 0 - (-13)/13. Suppose -36 = -5*o + 24. What is the remainder when o is divided by u(h)?
2
Let c(l) = 4*l + 253. What is the remainder when c(15) is divided by 35?
33
Let f(u) = u**3 - 72*u**2 + 12*u - 830. Let x(r) = -2*r**3 - 9*r**2 - 4*r + 1. Calculate the remainder when x(-6) is divided by f(72).
31
Suppose -4*n = -5*a + 10, 10 - 1 = -a + 3*n. Let x(d) = d**2 - 9*d + 13. Calculate the remainder when x(9) is divided by a.
1
Suppose 4*l = 3*p - l - 160, -3*p + 120 = 3*l. Let c = -620 - -635. Calculate the remainder when p is divided by c.
0
Let f(i) = i**2 + 6*i + 7. Let w be f(-4). Let h(a) = -9*a + 1. Let p be h(w). Let b = p - -19. What is the remainder when 85 is divided by b?
27
Let s(a) = a**2 + 7*a + 4. Let c = 12 + -8. Suppose -g = -c*h - 23, 3*h = g - 6*g + 46. Calculate the remainder when g is divided by s(-7).
3
Suppose 4*y + 7 = -3*y. What is the remainder when 54 + ((-2)/(-2))/y is divided by 9?
8
Let a = 37 - 21. Let d(b) = 2*b**2 - 7*b - 68. Calculate the remainder when d(-7) is divided by a.
15
Suppose -96 = -5*l + 4*q, -9 = 3*l + 4*q - 73. Let c = -388 - -566. Calculate the remainder when c is divided by l.
18
Let g = -42 + 48. Suppose -3*j = -5*m - g + 16, -30 = -4*m - 2*j. What is the remainder when 8 is divided by m?
3
Let u = -441 + 488. What is the remainder when 125 is divided by u?
31
Let q(o) = o**2 - 22*o - 8. Let x be q(9). Let k = x - -262. Calculate the remainder when k is divided by 14.
11
Suppose -3*t = 2*n - 57, 3*t = -3*n - n + 99. Suppose q - 5*q - 9 = 3*a, 4*a = 4. Calculate the remainder when n is divided by q*4/(-6) + (-12 - -18).
5
Calculate the remainder when (-76)/114*(69/(-2) + 0) is divided by 12.
11
Suppose 0 = -4*i + 4*h + 96, -4*h + h = 15. What is the remainder when 35 is divided by i?
16
Suppose 0 = 3*p + 5*b - 2*b - 27, 3*b = -2*p + 16. Calculate the remainder when 314/10 - (-4)/(-10) is divided by 885/75 + p/5 + -2.
7
Suppose -v + 11 = 2*c, -3*v + 8*v - 23 = -2*c. Suppose -v*n = 2*g - n - 6, -3*g + 29 = -2*n. What is the remainder when g is divided by 369/(-984)*(-40)/3?
2
Let g = -9 + 11. Let i(p) = -p - 9. What is the remainder when g is divided by i(-10)?
0
Let i = -85 + 120. What is the remainder when 243 is divided by i?
33
Suppose -5 = -2*o - w + 16, -3*o - w + 29 = 0. Let b = o + -6. Suppose -5*s + 19 = -5*m - 6, -5*s + b*m + 40 = 0. What is the remainder when 39 is divided by s?
9
Let f(p) = -p + 6. Let i be f(7). Let u(q) = 14*q**2 - 3*q - 2. Let x be u(i). Let d = -11 + x. What is the remainder when 10 is divided by d?
2
Let d be (38/(-5))/(12/(-60)) - -2. Let r = -34 + d. Let k = 31 + -17. Calculate the remainder when k is divided by r.
2
Suppose -4*f = 5*z - 60, f - 75 = -46*z + 41*z. What is the remainder when 878 is divided by z?
14
Suppose -3*l + 37 = s - 23, -l + 2*s = -20. Calculate the remainder when 319 is divided by l.
19
Suppose 4*h - 2*h = 3*r - 49, 5*r + h - 60 = 0. What is the remainder when r is divided by (2*-9)/(-2) + -2?
6
Suppose 0 = -5*n - 2*y + 155, 3*y - 27 = -2*n + 46. Let s = -2 - -8. Calculate the remainder when n is divided by s.
5
Let z(f) = 36*f + 527. Calculate the remainder when z(-14) is divided by 1.
0
Let b(k) = k**2 + 9*k - 8. Let z be b(-12). Suppose w - 102 + z = 0. What is the remainder when w is divided by 11?
8
Calculate the remainder when (378 - (-3 + 5))/(9 - 7) is divided by 29.
14
Let b be (2/4 + 1)*64/24. What is the remainder when 92 is divided by (b/10)/((-4)/(-310))?
30
Suppose 2*t = -5*n - 1 - 7, 5 = -t - 3*n. Calculate the remainder when 38 is divided by -1 - (43 + t)/(-4).
8
Let x = -320 + 349. What is the remainder when 50 is divided by x?
21
Let a be (12/(-14))/((-1)/14). Let l = -6 + a. Calculate the remainder when 14 is divided by l.
2
Let h(b) = -b**3 - 5*b**2 + 2*b - 4. Let p be h(-4). Let i = p - -41. What is the remainder when 155 is divided by i?
12
What is the remainder when 133 is divided by 17290/546 - 3/((-18)/(-10))?
13
Suppose 8*v - 22 = 18. Suppose -w = -5*q + 18, 0 = 5*q - 6 - 14. Suppose 0 = -w*i + 7 + 11. What is the remainder when i is divided by v?
4
Let x = 463 - 424. Let a = 15 - 7. Calculate the remainder when x is divided by a.
7
Let r be (32/(-6))/(1/3). Let u = r - -23. Let c(p) = 2*p**2 + 2*p - 7. What is the remainder when u is divided by c(-3)?
2
Su